80?
False
Is 158044240 a multiple of 340?
True
Is 20 a factor of 622849656?
False
Is 169542584 a multiple of 2146?
True
Is 721 a factor of 417324894?
True
Does 771 divide 220665865?
False
Is 1191 a factor of 258508932?
True
Is 3735211468 a multiple of 557?
False
Is 8901084 a multiple of 402?
True
Is 821 a factor of 2719973?
True
Is 89845770 a multiple of 14?
True
Does 10749 divide 2758936350?
False
Does 8538 divide 402511945?
False
Is 3166073976 a multiple of 312?
True
Does 876 divide 45421476?
True
Does 2 divide 695207174?
True
Does 4087 divide 2430195592?
True
Does 478 divide 13100546?
True
Is 26 a factor of 1189260172?
False
Is 348 a factor of 224902308?
True
Is 15 a factor of 281865540?
True
Is 3777258128 a multiple of 13958?
True
Is 2470740380 a multiple of 6278?
False
Is 277729925 a multiple of 5813?
False
Is 323 a factor of 60440406?
True
Does 40 divide 170459482?
False
Is 1054549261 a multiple of 71?
False
Does 2 divide 1646108?
True
Is 105 a factor of 16386825?
True
Is 36209459 a multiple of 143?
True
Does 3 divide 320609257?
False
Is 375023895 a multiple of 98?
False
Is 53 a factor of 364588095?
False
Is 685798573 a multiple of 6439?
True
Does 75 divide 9488625?
True
Is 3043 a factor of 2893219424?
False
Is 24 a factor of 4166016?
True
Is 1000 a factor of 84618433?
False
Is 637 a factor of 110805130?
False
Does 498 divide 38044212?
True
Does 8 divide 320865387?
False
Is 196723232 even?
True
Is 30 a factor of 12272850?
True
Does 9028 divide 3237993325?
False
Is 544 a factor of 1266043040?
True
Does 144 divide 34067520?
True
Does 3548 divide 74203020?
False
Is 10680258 a multiple of 6?
True
Is 380925013 a multiple of 33?
False
Is 1218 a factor of 3716634432?
True
Does 59 divide 46522076?
False
Is 239 a factor of 17112810?
False
Is 1373904168 a multiple of 12?
True
Does 77 divide 27395918?
False
Is 56356995 a multiple of 952?
False
Is 99 a factor of 1068765291?
True
Is 129804768 a multiple of 1944?
True
Is 38 a factor of 1908264?
False
Does 23 divide 13579334?
False
Is 3216619763 a multiple of 10955?
False
Is 8 a factor of 1371531?
False
Is 234 a factor of 44982990?
True
Does 13 divide 4713203157?
True
Is 26 a factor of 115768803?
False
Does 1350 divide 1709092?
False
Does 35 divide 95951636?
False
Is 15 a factor of 197049471?
False
Does 618 divide 705607587?
False
Is 200918424 a multiple of 49?
True
Is 72029960 a multiple of 20?
True
Does 130 divide 508327479?
False
Is 291 a factor of 21840954?
False
Is 1507 a factor of 67727834?
False
Is 8 a factor of 613826384?
True
Is 220956510 a multiple of 114?
True
Does 14 divide 4045677216?
True
Does 21 divide 164721060?
True
Does 480 divide 98514720?
True
Is 3152 a factor of 79115200?
True
Is 12702867 a multiple of 7?
False
Is 5278 a factor of 340821572?
True
Is 5656196242 a multiple of 34?
True
Is 3414696 a multiple of 8?
True
Does 15 divide 2588325?
True
Is 37 a factor of 43687898?
True
Is 6 a factor of 30105810?
True
Is 110620032 a multiple of 3189?
True
Does 75 divide 786961118?
False
Is 11 a factor of 3154503275?
True
Is 6 a factor of 105950438?
False
Is 93 a factor of 63752356?
False
Is 41 a factor of 297123515?
True
Is 730 a factor of 131888453?
False
Does 72 divide 2168407439?
False
Is 23 a factor of 2370201?
False
Is 2265 a factor of 70244445?
True
Does 127 divide 226630?
False
Is 902224250 a multiple of 31?
False
Is 64 a factor of 285861824?
True
Does 5058 divide 324217800?
True
Is 2819843 a multiple of 862?
False
Does 12 divide 517620?
True
Is 1216 a factor of 329416832?
True
Is 23022338 a multiple of 38?
True
Is 13 a factor of 32543908?
False
Does 2828 divide 192541960?
False
Does 163 divide 44736720?
False
Does 231 divide 600165258?
True
Is 3 a factor of 38711716?
False
Is 994 a factor of 734856180?
False
Is 154964357 a multiple of 4021?
False
Does 11 divide 494818220?
False
Is 9422042 a multiple of 3?
False
Does 114 divide 84801636?
True
Is 12 a factor of 71513688?
True
Does 422 divide 2517721996?
False
Does 13 divide 355074397?
False
Does 390 divide 192664381?
False
Is 798796326 a multiple of 8306?
True
Is 2092 a factor of 6922815397?
False
Is 1967 a factor of 341008366?
False
Does 8 divide 78661416?
True
Does 8 divide 471853275?
False
Does 4 divide 130512138?
False
Is 93898018 a multiple of 732?
False
Does 3050 divide 814340850?
True
Does 20 divide 91458440?
True
Is 742843 a multiple of 23?
False
Is 495 a factor of 28203615?
True
Is 550009474 a multiple of 602?
True
Is 1773403040 a multiple of 8644?
True
Does 2010 divide 399805080?
True
Is 11354007 a multiple of 287?
True
Is 2782850048 a multiple of 9728?
True
Is 2503412 a multiple of 4?
True
Is 1443777 even?
False
Is 16 a factor of 1444078752?
True
Is 7257754 a multiple of 37?
False
Is 21 a factor of 1158357844?
False
Does 5885 divide 119377225?
True
Is 637570128 a multiple of 26?
True
Is 50 a factor of 16351994?
False
Is 4526975 a multiple of 575?
True
Is 22 a factor of 90446466?
True
Is 1735 a factor of 6535745?
True
Is 15 a factor of 2154810?
True
Is 56338760 a multiple of 40?
True
Is 13 a factor of 23568779?
True
Is 46442000 a multiple of 110?
True
Does 261 divide 153151929?
True
Does 17 divide 1918454619?
False
Is 2126 a factor of 329476850?
True
Is 101691661 a multiple of 64?
False
Is 354 a factor of 14241774?
True
Does 25 divide 33841925?
True
Is 1798560 a multiple of 3747?
True
Is 70373457 a multiple of 232?
False
Is 30251448 a multiple of 36?
True
Does 38 divide 22549085?
False
Is 9 a factor of 328228362?
True
Is 46044828 a multiple of 19?
True
Is 150948049 a multiple of 483?
False
Does 2211 divide 1249159682?
False
Does 9 divide 599532397?
False
Does 9 divide 139269737?
False
Is 192365960 a multiple of 1581?
False
Is 164790808 a multiple of 82?
True
Is 1012982517 a multiple of 262?
False
Is 568230938 a multiple of 228?
False
Does 201 divide 738055653?
False
Does 5430 divide 649387763?
False
Is 63 a factor of 401929794?
True
Is 1094106 a multiple of 201?
False
Is 316940471 a multiple of 3082?
False
Is 714 a factor of 6529530?
True
Does 1119 divide 202364436?
True
Does 55 divide 562576536?
False
Is 13318906 a multiple of 26?
False
Is 7340702 a multiple of 43?
True
Is 2915 a factor of 526826410?
False
Does 991 divide 807929162?
False
Does 13 divide 640021928?
True
Does 24 divide 1597107696?
True
Is 15 a factor of 78200212?
False
Does 103 divide 7633677?
False
Is 1719611 a multiple of 5?
False
Is 6983547 a multiple of 3?
True
Does 1278 divide 277418016?
True
Does 117 divide 5879918?
False
Is 48054660 a multiple of 36?
False
Does 14 divide 2366953624?
True
Is 38 a factor of 39635377?
False
Is 1130 a factor of 100048418?
False
Does 7 divide 1134324604?
True
Is 3 a factor of 122745609?
True
Is 223 a factor of 297261007?
True
Is 72 a factor of 2543965272?
True
Is 16 a factor of 450568821?
False
Is 11 a factor of 462825847?
True
Does 66 divide 250803066?
False
Is 242 a factor of 344779336?
True
Is 45360150 a multiple of 814?
True
Is 1390653714 a multiple of 170?
False
Is 46 a factor of 555647156?
True
Is 92 a factor of 492251?
False
Is 309 a factor of 295467654?
True
Is 271 a factor of 94753589?
False
Is 18 a factor of 44363754?
True
Is 1115 a factor of 76887055?
True
Is 18 a factor of 9084078?
True
Is 7231 a factor of 2924642163?
False
Does 10 divide 20017973?
False
Is 173066924 a multiple of 124?
True
Is 230741278 a multiple of 147?
False
Is 262689595 a multiple of 17?
False
Is 12 a factor of 32098840?
False
Is 52619652 a multiple of 1299?
False
Is 8255121 a multiple of 2?
False
Does 25 divide 467097700?
True
Does 446 divide 102019378?
True
Does 401 divide 13602893?
False
Is 1236750570 a multiple of 47?
False
Is 1271688387 a multiple of 108?
False
Is 8666 a factor of 2995643042?
False
Is 74 a factor of 131698149?
False
Is 1165281143 a multiple of 274?
False
Does 93 divide 13515690?
True
Does 299 divide 1850182100?
True
Is 7 a factor of 19770240?
True
Is 2543 a factor of 236552403?
True
Is 39687088 a multiple of 854?
True
Is 179 a factor of 251278510?
False
Is 2452 a factor of 8954704?
True
Does 20 divide 235631685?
False
Is 5 a factor of 377805795?
True
Is 447899838 a multiple of 69?
True
Is 3324 a factor of 1036579428?
True
Is 5439372 a multiple of 582?
True
Is 7 a factor of 161326157?
False
Is 137434416 a multiple of 